 - 3. What is g(m)?
-7
Let u(z) = 4*z**2 - z + 5. Let r(n) = 9*n**2 - 3*n + 11. Let m(x) = 3*r(x) - 7*u(x). Let k be 2/(1/(-4)*2). Let h be (-50)/18 - k/(-18). Calculate m(h).
-5
Let q = 9 - 6. Suppose -3*c + 25 = z + 4*z, -13 = -q*c + z. Suppose 27 = 4*p - c*d, -2*d + 0 - 6 = 0. Let f(t) = -4*t + 4. Calculate f(p).
-8
Let q(c) be the first derivative of -c**4/6 - c**3 - c**2/2 - 4*c - 3. Let k(a) be the first derivative of q(a). Determine k(-4).
-9
Let x(c) = 35*c - 20*c - 13*c + 2. What is x(2)?
6
Let u(p) = p**3 + p + 5. Let g(d) = d**3 + 4*d**2 + 2*d + 4. Let j(n) = n**2 - n + 1. Let l(z) = -g(z) - j(z). Let o be l(-5). Give u(o).
5
Suppose -2*g - a + 6 = -4*a, 4*g - 2*a - 4 = 0. Let i(o) be the first derivative of -o**2/2 + 5*o - 1. Give i(g).
5
Let i = -8 + 4. Let w(j) = -2*j + 2*j - 4 - 2*j. Calculate w(i).
4
Let l(c) = c**3 - 5*c**2 + 4*c. Suppose 3*m - 3*u + 3 = 0, 0 = -3*u + 2*u + 1. Let s be (8/10)/(1/5). Let t be s + m - (0 - -1). Calculate l(t).
-6
Suppose -b + 0*b - 2*a + 1 = 0, 5*a - 1 = -b. Suppose -r + b = -1. Let h(c) = c**3 + c - 5*c**r + 5*c**2 - c**2. Calculate h(0).
0
Let d(z) = 4*z**2 - 3*z - 1. Let q(y) = -17*y**2 + 12*y + 3. Let s(p) = 9*d(p) + 2*q(p). Calculate s(3).
6
Let c(q) = 3*q + 17. Let u be c(-5). Let l(r) = -r**2 - r + 1. Calculate l(u).
-5
Let c be 1/(-2)*(-8 - -2). Let n(h) = -5 - 5*h**2 - 3*h**c + 2 + h**2 + 4*h**3. Let y = 1 + 3. What is n(y)?
-3
Let b(h) = -h**2 + 11*h + 4. Let i(x) = -x**3 - 13*x**2 + 30*x + 11. Let g be i(-15). What is b(g)?
4
Let q(s) = -s**2 + 4*s. Let c(n) = -1. Let h(b) = 3*c(b) - q(b). Give h(4).
-3
Let a(h) = h**3 - h**2 - h + 1. Let l(f) = -3*f**3 + 6*f**2 + 2*f - 6. Let i(d) = d - 2. Let u be i(3). Let b(m) = u*l(m) + 2*a(m). Calculate b(3).
5
Let j(n) = -1 + n - 1 - 3. Let d be 2 + (1 - (-2 + 0)). What is j(d)?
0
Let q = -37 - -42. Let l(t) be the first derivative of 1 - t - 2*t**2 + 1/3*t**3. Give l(q).
4
Let k(i) = 3 + 3*i - 1 + 6*i - 1. Determine k(1).
10
Let k be 30/(-105) - 47/7. Let b(h) = -h**2 - 8*h + 5. Calculate b(k).
12
Let i(j) = 3*j**2 - 4 - 5*j + j**3 + 4*j - 9*j**2 + 0*j. Give i(6).
-10
Let s(k) = 8*k + 2*k - 16*k + 7*k. Calculate s(-4).
-4
Let t(f) = -f**2 + 2*f - 1. Let g(q) be the third derivative of q**6/120 - q**5/12 - q**4/4 - q**3/3 + 4*q**2. Let z be g(6). Give t(z).
-9
Let b(t) = t**3 - 5*t**2 + t + 6. Let p be b(4). Let h(n) be the first derivative of -n**2/2 + 8*n - 2. Give h(p).
14
Let g(d) = -4*d + 2. Let t be (-4 - 0)*(-40)/32. Determine g(t).
-18
Suppose 2*c = 5*p + 53, 0 = -p + 4*c - 0*c - 7. Let m(i) = -i**2 - 12*i - 6. Give m(p).
5
Let v(w) be the first derivative of -w**3/3 - w**2 + 2*w - 3. Suppose 3*p = 7*p - 8. Determine v(p).
-6
Let v(l) be the third derivative of 0*l**4 - 1/120*l**6 - 3/2*l**3 + 0 + 0*l - 1/60*l**5 + 3*l**2. Determine v(0).
-9
Let m(l) be the first derivative of l**3/3 + 5*l**2/2 + 6*l - 6. Give m(-4).
2
Let h(j) = 3*j + 1. Let g = 2 + -2. Suppose 4*o - 3*o = g. Let b = o - -2. Determine h(b).
7
Let k be 3/(-2)*-1*2. Let v be 5/k - (-7)/21. Let c(w) = w**3 - w + 1. Determine c(v).
7
Let u(x) be the third derivative of x**6/120 + x**5/12 - x**4/24 + x**3/6 - 49*x**2. Calculate u(-4).
21
Suppose 11 = 8*g + 43. Let u(h) = -h**2 - 4*h - 1. Calculate u(g).
-1
Let z(s) = 20*s - 37. Let f(g) = -11*g + 19. Let h(k) = 11*f(k) + 6*z(k). Give h(-9).
-4
Let h(n) = -n + 1. Let a(z) = -6*z - 3. Suppose 2*k + 5 + 1 = 0. Let q be a(k). Let l = q + -11. Determine h(l).
-3
Suppose 8*f + 12 = 11*f. Let l(p) = p**3 - 6*p**2 + 6*p - 3. Give l(f).
-11
Let z be (3 - 2)*15/3. Suppose 23 = v - 5*v + z*c, -2*c = -6. Let b(t) = 2*t**3 + 2*t**2 - t. What is b(v)?
-6
Suppose 0 = -3*c - 5*i + 27 + 5, 5*i - 20 = 0. Suppose -l = -v - 2*v - 14, 0 = -3*v - 12. Let y(g) = 4*g + g**l - 5*g**2 + 4 + 3*g**2. What is y(c)?
4
Let i be 0 - (1 - (-1 + 4)). Let g(q) = 5*q**i - 7*q**2 + 5 - 2*q**2 - 4*q. Let y(n) = 5*n**2 + 5*n - 6. Let h(x) = -6*g(x) - 5*y(x). What is h(-1)?
0
Let p(a) be the first derivative of -a**6/40 + a**5/120 + a**4/24 + a**3/3 - 5. Let d(k) be the third derivative of p(k). Give d(-1).
-9
Let a(i) be the first derivative of i**3/3 + i**2/2 + 15. What is a(1)?
2
Suppose -n - 11 = 3*d + d, n = 4*d + 21. Let m = -3 + n. Let q(x) = -x**3 - 1 + 2*x**3 - x**m + 3 - 2*x**3. Determine q(0).
2
Let b = -13 + 23. Suppose -2 = -2*j + b. Let s(d) be the third derivative of d**5/60 - 5*d**4/24 - 2*d**3/3 + d**2. Give s(j).
2
Let s(f) = -f + 1. Let w(u) = -3*u + 5. Let h(v) = -2*s(v) + w(v). Suppose -3*b + 9 = 4*t, 3*b - t - 3 = 2*b. What is h(b)?
0
Let i(t) = -t**2 + 5*t - 5. Let w(k) = -4*k + 4. Let z(f) = -2*i(f) - 3*w(f). Let p(m) = m**3 - 9*m**2 - 11*m + 12. Let g be p(10). Determine z(g).
10
Let f(g) = -g**3 + 0*g**2 - g**2 + 3*g - 3*g**2 + 1. Calculate f(-5).
11
Let k(y) = 7*y - 20. Let w(v) = -v + 1. Let f(s) = k(s) + 6*w(s). Let p = -3 - -9. Give f(p).
-8
Let a(u) be the second derivative of u**3/6 + u**2/2 + 3*u. Let q(k) = -6*k - 5. Let w(f) = 5*a(f) + q(f). Suppose -h = 2*h. Calculate w(h).
0
Suppose x = -0*x. Suppose 2*t + 3*l - 6 = 0, -t + 5*l + 3 = -0*l. Let f = t + x. Let s(v) = v**3 - 2*v**2. Determine s(f).
9
Let n(j) = j**2 - 7*j - 8. Let b be n(8). Let z(f) = f. Let x(m) = 0*m + 2*m + m. Let i(a) = x(a) - 2*z(a). Calculate i(b).
0
Suppose -1 = -2*c + 1. Let v(s) = -s - 1. Let f(y) = -1. Let z(m) = c*v(m) + 3*f(m). What is z(-5)?
1
Let x(p) = p**2 + 4*p - 4. Let u be x(-5). Let g(w) be the second derivative of -1/3*w**3 + 1/2*w**2 + 0 - 2*w + 2/3*w**4. Give g(u).
7
Let x be 20/(-6)*(-3)/2. Let g be (2/(-2))/(x/(-25)). Let q(o) = -4*o**2 - 7*o + g*o**2 + 3*o. Give q(4).
0
Let h(y) = -2*y + 2 - 1 + 7. Suppose 5*b + 4*s + 48 = 0, -4*b + 4*s - 18 - 6 = 0. Let j be -8*(6/b)/1. Give h(j).
-4
Let w(b) = -b**2 + 11 - 14 + 19 - b. Give w(0).
16
Let g(j) = 2*j**2 - 4*j + 1. Suppose -3*k + 11 = x + k, 3*x + 3*k - 6 = 0. Let s be (-4)/(-2) + 14 - x. Suppose -4*m + s = 5. Determine g(m).
7
Let r(y) = -y**3 + 8*y**2 - 6*y - 6. Suppose 21 = 5*l - 14. Calculate r(l).
1
Let f(k) = -k. Suppose 4*i + 10 + 3 = -z, 2*z = -i - 5. Let s = -5 - z. Give f(s).
4
Let j = 25 - 21. Let v(g) = -g - 1. Let f(d) = 6*d + 13. Let k(p) = j*v(p) + f(p). What is k(-6)?
-3
Let m(l) = -l + 3. Let o be m(0). Suppose -o*q + 2 = 5. Let t(h) = -3*h - 1. Calculate t(q).
2
Let h(v) = 3 + 1 + 2*v**2 - 6. Calculate h(2).
6
Let z(h) = -4*h**3 + 5 + 4*h - h - 78*h**2 + 71*h**2 + 3*h**3. Calculate z(-7).
-16
Let t be 3 - 16/5 - (-6)/5. Let p(d) = -3*d - 1. What is p(t)?
-4
Suppose 2*w - 5*w = 3, -h + 5 = -2*w. Let i(f) = -2 - 3*f**2 - f + 0*f**3 + 5*f**3 - 4*f**h. Calculate i(3).
-5
Let u(b) = -2*b**2 + b + 3. Let n(x) = x**2 - 2. Let v(d) = -3*n(d) - 2*u(d). What is v(1)?
-1
Let g(z) = -z**2 - 2*z + 5. Suppose 7*a + i + 20 = 3*a, -a - 3*i - 5 = 0. Determine g(a).
-10
Let p(c) = -3*c + 2 - 3 - 1 + 1. Give p(-2).
5
Let u(s) be the first derivative of s**3/3 + 3*s**2 - 3*s + 2. Suppose 0 = -4*y - 0*y + 16. Suppose q - 3*q = 5*x + 25, 3*q + 20 = -y*x. Calculate u(x).
-8
Let d be (3/(-6))/(1/22). Let w = d + 5. Let k(x) = -x**2 - 8*x - 8. Give k(w).
4
Let x(o) be the first derivative of o**6/120 - o**5/15 - o**4/6 - o**3/6 + o**2/2 - 1. Let l(s) be the second derivative of x(s). Give l(5).
4
Let x(r) = 3*r**3 + r**2 - 4*r + 2. Let s(g) = -7*g**3 - g**2 + 9*g - 4. Let j(c) = 2*s(c) + 5*x(c). What is j(-3)?
8
Let i = -2 - -6. Let g be (-22)/(-6) + i/12. Let y(o) be the third derivative of -o**4/12 + o**3/2 + o**2. Give y(g).
-5
Let s(f) = -39 + 81 - 39 + 9*f. Calculate s(-2).
-15
Let j be (-5)/70 - (-4)/7. Let l(o) be the first derivative of 0*o - 3 + j*o**2. What is l(1)?
1
Let h(g) = g + 24. Let s be h(-20). Let k(z) be the first derivative of 1/2*z**2 + z + 3/2*z**s + 3 + 1/3*z**3. What is k(-1)?
-5
Let c(t) = t**3 + 3*t**2 + t + 1. Let h be c(-3). Let f(b) = b**3 + b**2 + b + 2. Determine f(h).
-4
Let o(a) = -2*a**2 - 3*a - 3. Let u(r) = r**3 + 4*r**2 + 3*r + 9. Let b be u(-4). Give o(b).
-12
Let m(t) be the third derivative of t**5/60 - 5*t**4/24 + t**3 + t**2. Suppose -v = -5 + 1. Suppose -15 = -v*d + d. Give m(d).
6
Let i(h) = h**2 + 11*h - 14. Let x be i(-12). Let l(j) = 5*j**2 - 25*j + 24. Let m(u) = -u**2 + 6*u - 6. Let o(g) = x*l(g) - 9*m(g). Calculate o(-6).
-6
Let z(v) = 3*v